nder when 41561 is divided by 35?
16
Calculate the remainder when 7080 is divided by 283.
5
What is the remainder when 439212 is divided by 33785?
7
Calculate the remainder when 20179 is divided by 1551.
16
Calculate the remainder when 51379 is divided by 90.
79
Calculate the remainder when 1013 is divided by 309.
86
What is the remainder when 209043 is divided by 139?
126
What is the remainder when 4383 is divided by 128?
31
What is the remainder when 7151 is divided by 1019?
18
Calculate the remainder when 6486 is divided by 222.
48
What is the remainder when 54645 is divided by 27301?
43
What is the remainder when 2371 is divided by 9?
4
What is the remainder when 584 is divided by 169?
77
What is the remainder when 10486 is divided by 3479?
49
Calculate the remainder when 260269 is divided by 170.
169
Calculate the remainder when 4288 is divided by 717.
703
What is the remainder when 623134 is divided by 9891?
1
Calculate the remainder when 21685 is divided by 425.
10
What is the remainder when 28590 is divided by 439?
55
What is the remainder when 1894 is divided by 155?
34
What is the remainder when 2176150 is divided by 66?
64
What is the remainder when 96434 is divided by 405?
44
What is the remainder when 386859 is divided by 366?
363
Calculate the remainder when 13584 is divided by 174.
12
Calculate the remainder when 258046 is divided by 65.
61
Calculate the remainder when 32022 is divided by 10659.
45
What is the remainder when 127090 is divided by 238?
236
Calculate the remainder when 135800 is divided by 13580.
0
Calculate the remainder when 50941 is divided by 629.
621
What is the remainder when 192637 is divided by 683?
31
Calculate the remainder when 23885 is divided by 379.
8
What is the remainder when 225210 is divided by 128?
58
What is the remainder when 375699 is divided by 23?
17
Calculate the remainder when 1093 is divided by 1059.
34
Calculate the remainder when 130081 is divided by 43352.
25
What is the remainder when 90571 is divided by 444?
439
Calculate the remainder when 15994 is divided by 364.
342
What is the remainder when 26409 is divided by 1793?
1307
Calculate the remainder when 47192 is divided by 23575.
42
What is the remainder when 484496 is divided by 340?
336
Calculate the remainder when 90415 is divided by 165.
160
Calculate the remainder when 8971 is divided by 8958.
13
Calculate the remainder when 47492 is divided by 161.
158
What is the remainder when 30990 is divided by 6168?
150
What is the remainder when 80367 is divided by 16?
15
Calculate the remainder when 167163 is divided by 33432.
3
What is the remainder when 4943 is divided by 516?
299
What is the remainder when 6376 is divided by 92?
28
Calculate the remainder when 2938570 is divided by 28.
26
What is the remainder when 2154436 is divided by 702?
700
What is the remainder when 3044 is divided by 380?
4
What is the remainder when 13089 is divided by 13070?
19
What is the remainder when 37956 is divided by 109?
24
Calculate the remainder when 17034 is divided by 4252.
26
Calculate the remainder when 12816 is divided by 713.
695
Calculate the remainder when 864 is divided by 387.
90
What is the remainder when 241 is divided by 43?
26
What is the remainder when 46103 is divided by 17?
16
What is the remainder when 18495 is divided by 548?
411
Calculate the remainder when 7397 is divided by 28.
5
What is the remainder when 82109 is divided by 838?
823
Calculate the remainder when 18936 is divided by 16.
8
What is the remainder when 19612 is divided by 6525?
37
What is the remainder when 4476 is divided by 237?
210
What is the remainder when 29584 is divided by 870?
4
Calculate the remainder when 56917 is divided by 1321.
114
What is the remainder when 52748 is divided by 57?
23
Calculate the remainder when 10579 is divided by 49.
44
What is the remainder when 19413 is divided by 1630?
1483
Calculate the remainder when 29107 is divided by 1385.
22
What is the remainder when 650418 is divided by 5?
3
What is the remainder when 158244 is divided by 84?
72
What is the remainder when 305257 is divided by 76312?
9
What is the remainder when 87712 is divided by 719?
713
Calculate the remainder when 7727 is divided by 1543.
12
What is the remainder when 763144 is divided by 901?
898
What is the remainder when 661923 is divided by 17?
11
Calculate the remainder when 1238 is divided by 198.
50
Calculate the remainder when 8161 is divided by 77.
76
What is the remainder when 5318 is divided by 1456?
950
Calculate the remainder when 79962 is divided by 51.
45
Calculate the remainder when 25869 is divided by 5.
4
Calculate the remainder when 5139 is divided by 178.
155
What is the remainder when 237067 is divided by 6585?
7
Calculate the remainder when 10023 is divided by 11.
2
Calculate the remainder when 885 is divided by 423.
39
Calculate the remainder when 27306 is divided by 810.
576
What is the remainder when 3058 is divided by 170?
168
Calculate the remainder when 3867836 is divided by 711.
707
What is the remainder when 195243 is divided by 107?
75
Calculate the remainder when 307332 is divided by 10.
2
What is the remainder when 12823 is divided by 12546?
277
What is the remainder when 716723 is divided by 18861?
5
Calculate the remainder when 10074 is divided by 31.
30
Calculate the remainder when 2175 is divided by 132.
63
What is the remainder when 3754 is divided by 772?
666
Calculate the remainder when 2039 is divided by 168.
23
What is the remainder when 7070 is divided by 32?
30
Calculate the remainder when 32482 is divided by 357.
352
What is the remainder when 8513 is divided by 4254?
5
Calculate the remainder when 51825 is divided by 130.
85
What is the remainder when 196571 is divided by 15?
11
Calculate the remainder when 74957 is divided by 216.
5
Calculate the remainder when 158640 is divided by 173.
172
What is the remainder when 1487 is divided by 7?
3
What is the remainder when 2712 is divided by 2710?
2
What is the remainder when 3392 is divided by 769?
316
What is the remainder when 4522 is divided by 51?
34
Calculate the remainder when 6433 is divided by 1068.
25
Calculate the remainder when 3604 is divided by 256.
20
What is the remainder when 1341 is divided by 134?
1
Calculate the remainder when 193086 is divided by 637.
75
Calculate the remainder when 4523 is divided by 356.
251
What is the remainder when 6478 is divided by 45?
43
Calculate the remainder when 11925 is divided by 426.
423
What is the remainder when 725 is divided by 225?
50
Calculate the remainder when 75575 is divided by 258.
239
Calculate the remainder when 220 is divided by 7.
3
Calculate the remainder when 3349 is divided by 52.
21
What is the remainder when 2111 is divided by 2007?
104
What is the remainder when 6558 is divided by 81?
78
What is the remainder when 6255 is divided by 337?
189
Calculate the remainder when 7965 is divided by 80.
45
Calculate the remainder when 9187 is divided by 2294.
11
Calculate the remainder when 23301 is divided by 11.
3
Calculate the remainder when 36539 is divided by 58.
57
Calculate the remainder when 2046 is divided by 2038.
8
What is the remainder when 56395 is divided by 121?
9
What is the remainder when 68814 is divided by 155?
149
Calculate the remainder when 143319 is divided by 216.
111
What is the remainder when 110296 is divided by 1071?
1054
Calculate the remainder when 27927 is divided by 105.
102
What is the remainder when 42567 is divided by 430?
427
Calculate the remainder when 412 is divided by 204.
4
What is the remainder when 2801453 is divided by 14?
11
Calculate the remainder when 5369 is divided by 3474.
1895
Calculate the remainder when 31495 is divided by 777.
415
What is the remainder when 8107 is divided by 808?
27
What is the remainder when 298 is divided by 50?
48
What is the remainder when 14089 is divided by 73?
0
Calculate the remainder when 10598 is divided by 3526.
20
What is the remainder when 20997 is divided by 28?
25
Calculate the remainder when 28446 is divided by 109.
106
Calculate the remainder when 1843 is divided by 109.
99
What is the remainder when 4523 is divided by 377?
376
Calculate the remainder when 5654 is divided by 65.
64
What is the remainder when 15888 is divi